et d(s) = s**2 + 16*s + 17. Let i be d(r). List the prime factors of 35/i*(-4)/(-5).
2, 7
Let u(y) = -y**3 + 7*y**2 - 8*y + 2. Let p be u(2). Suppose p*a = 3*a + 12. Suppose 4*j = a*g + 368, 0*g - 2*g - 463 = -5*j. What are the prime factors of j?
3, 31
Let m = 221 - 113. Let y = m + -32. What are the prime factors of y?
2, 19
Let y(m) = 48*m**2 - 172*m - 52. List the prime factors of y(-14).
2, 17, 173
Suppose 0 = 5*x - 4*m, -4*x = -4*m + 3 + 1. Suppose -x*o + 1406 = 3*d, -2*d = -2*o - 474 - 468. List the prime factors of d.
2, 5, 47
Let a(h) = -83*h - 2. Let r be a(-8). Let x = r + -488. List the prime factors of x.
2, 3, 29
Suppose -84*p + 128853 + 120291 = 0. What are the prime factors of p?
2, 1483
List the prime factors of (1 - -1)/10*530325/15.
3, 2357
Suppose 0 = 2*i + 4*m - 2072, -26*i - 2*m = -27*i + 1028. What are the prime factors of i?
2, 3, 43
Suppose -43823 = -3*g + 4*z, -z + 16097 = 3*g - 27731. List the prime factors of g.
7, 2087
Let o(u) = 26*u**3 - 31*u**2 + 211*u - 257. What are the prime factors of o(15)?
67, 1249
Suppose -3*f + 1121 = -4*y - 182, 0 = 5*f + 2*y - 2163. Let a = -292 + f. What are the prime factors of a?
3, 47
Let k be (0/(-3 - (-36)/6))/1. Suppose -2*g + g + 682 = f, k = -4*g + 5*f + 2773. What are the prime factors of g?
3, 229
Let z be 290/14 + 26/91. Suppose -16*b = -z*b + 2485. Suppose 0 = -0*h + 7*h - b. What are the prime factors of h?
71
Suppose 4*f + 11*x = 12*x + 75, f = 3*x + 5. Suppose -f*q + 16*q = -1080. What are the prime factors of q?
2, 3, 5
Let t(d) = 27*d**3 - 3*d**2 + 40*d + 22. What are the prime factors of t(7)?
2, 11, 107
Suppose -2*x - 2*g + 20826 = 0, 5*x - 3*g - 22081 = 29992. List the prime factors of x.
2, 41, 127
What are the prime factors of ((-69)/(-92))/(6/398744)?
49843
Suppose -85*f = -20*f - 49595. List the prime factors of 63/(-14) + (-3)/2 + f.
757
Suppose p - 5*p + 2*t - 422 = 0, 0 = 3*p + 3*t + 339. Let s = p + 93. What are the prime factors of 1 - -1 - (-25)/(-15)*s?
3
Suppose -28*x + 19*x = -1386. Suppose 2*z + 30 = -h, 3*h + 90 = 5*z - 0*z. Let j = x + h. What are the prime factors of j?
2, 31
Let l(a) = -2*a + 46. Let y be l(22). Let i be (-3)/(9/43) + y/6. List the prime factors of (-7)/i - (-1492)/8.
11, 17
Let z = -598 - -207. Let p = z - -562. List the prime factors of p.
3, 19
Let a(k) = -354*k + 13. Let s be a(-1). Let q = 556 - s. What are the prime factors of q?
3, 7
Let p be ((-100)/(-6))/(21/(-9) + 3). List the prime factors of (7 - p/(-5)) + 8/4.
2, 7
Suppose 5*r + 4*l - l = 15936, -5*l + 12754 = 4*r. List the prime factors of r.
2, 3, 59
Let s(b) = 3*b**3 - 5*b**2 + b + 8. Let u be s(3). Let h = -84 + u. Let y = 121 - h. What are the prime factors of y?
2, 79
Suppose 12*p - 24 = 4*p. Suppose -3*f + f = -4, 3*i = -f + 8. Suppose -p*q + 182 = i*g, 3*g + 0*g + 4*q = 275. What are the prime factors of g?
97
Let z(v) = -v**2 - 54*v + 3069. What are the prime factors of z(0)?
3, 11, 31
Let z be ((-3708)/63)/(3/(-21)). Suppose 5*i = -5*o + 93 + z, 5*i = 3*o - 303. List the prime factors of o.
101
Let z(q) = -9*q**2 - 1883*q**3 - 4*q + 1884*q**3 + 0 + 25. What are the prime factors of z(13)?
11, 59
Suppose -42*q - 21*q = -9*q - 705942. What are the prime factors of q?
17, 769
Let g = 49475 - 19795. List the prime factors of g.
2, 5, 7, 53
Suppose 0 = -18*y + 8*y + 30. Suppose r = -3*w + 1073, 4*r = y*w - r - 1043. What are the prime factors of w?
2, 89
Let m = 33968 + 36823. List the prime factors of m.
3, 7, 3371
Suppose 4*r = -2*c + 62624, 0 = -29*r + 26*r + 3*c + 46995. What are the prime factors of r?
7, 2237
Suppose -4*q - 2*w = -680, -2*w - 603 - 229 = -5*q. Suppose 0 = -3*u - 3, -7*y + 6*y - 4*u = -q. What are the prime factors of y?
2, 43
Let v(o) = -4*o**3 - 3*o**2 + 7*o - 9. Let z be v(2). Suppose -3*p = 4*k - 543, 2*k + 3*p - 80 = 199. Let f = z + k. What are the prime factors of f?
3, 31
Suppose -31447 = -s - 4*d, 4*s = -5*d + 61970 + 63774. What are the prime factors of s?
3, 10477
Let y(b) = -b**2 + 2*b + 6. Let c be y(-3). Let o(u) = u**3 + 10*u**2 + 9*u + 12. Let t be o(c). What are the prime factors of (-3)/(9/t) + 42?
2, 19
Suppose -7*h - 43 + 1 = 0. Let k be 5/(-10) + (-21)/h. Suppose -6*i + 309 + k = 0. List the prime factors of i.
2, 13
Suppose -8 = p, -z + 2*p = -10946 - 8019. What are the prime factors of z?
7, 2707
Let m be (-1 + -2)*2620*11/(-66). What are the prime factors of m + 2 - (27 - 25)?
2, 5, 131
Suppose -5929 = -h + 3*k, 5*h = 9*h - 5*k - 23744. Suppose 0 = -13*t - 0*t + h. What are the prime factors of t?
457
Suppose -5*s + 51948 = s - 36120. List the prime factors of s.
2, 41, 179
Suppose -49*v + 33851 + 2299 = v. List the prime factors of v.
3, 241
Let o = 19905 - 6991. List the prime factors of o.
2, 11, 587
Let h(s) = 5*s + 10. Let y be h(-4). Let z = -5 - y. Suppose z*c - 140 = -2*q, 3*c - 4 = -10. What are the prime factors of q?
3, 5
Suppose -5608*x = -5626*x + 292374. What are the prime factors of x?
37, 439
Let q(c) = -c**2 + 2*c + 11. Let l be q(0). Suppose 15*j + 12 = l*j. List the prime factors of 20*1 - (1 - 0)*j.
23
Let d(w) = 25*w**3 + w**2 + 10*w - 25. Let h be ((-18)/36 + 1/6)*-12. What are the prime factors of d(h)?
7, 233
Suppose -42*z - 3789 = -39*z - 3*u, 4*u = 5*z + 6318. Let j = z + 1952. What are the prime factors of j?
2, 7
Suppose -5*r + 249067 + 38736 = 3*s, 0 = -2*r - 5*s + 115106. List the prime factors of r.
11, 5233
Let h = 3493 - -7195. What are the prime factors of h?
2, 167
Let q = -57 + 57. Suppose -v + i - 6*i + 369 = q, -v - 3*i = -375. What are the prime factors of v?
2, 3
Let s(i) = -2*i + 18. Let g be s(5). Suppose 5*v + g = 5*m - 207, 0 = -v - 4. What are the prime factors of m?
3, 13
Let n be 6/8 - 82/(-8). Let a(m) = -m**2 + 12*m - 5. Let h be a(n). Suppose h*f + 47 - 827 = 0. What are the prime factors of f?
2, 5, 13
What are the prime factors of (-11)/((-132)/(-14451))*-16?
2, 4817
Let n(c) = 2*c + 17. Let b be n(-7). Let r(q) = b*q - 4*q**2 - 8*q + 3 - 5*q + 6*q**2. What are the prime factors of r(8)?
3, 17
Let g be -53*((1 - -1) + -1). Let n = -77 - g. Let s = -2 - n. What are the prime factors of s?
2, 11
Let c be 3/(8/(-78) + 3/9). Let f(m) = m**2 + 8*m - 15. List the prime factors of f(c).
2, 3, 43
Let u = -1224 - -716. Let b = 1322 + u. What are the prime factors of b?
2, 11, 37
Let i = -433 - -533. Let w = i - -539. List the prime factors of w.
3, 71
Let n = -2106 + 15436. List the prime factors of n.
2, 5, 31, 43
Let v be (-1180)/30*6/(-4). Let p = v + -57. Suppose 2*t + 5*f = 269, -3*f - p*f - 157 = -t. What are the prime factors of t?
2, 71
Suppose -4*v - 332 = -4*b, -b + 49 = v - 42. Suppose -n + 5*n - 361 = -q, 4*n - 357 = 3*q. Suppose n*g - b*g = 291. List the prime factors of g.
97
List the prime factors of ((-726)/24)/(13/(-1716)).
3, 11
Let j(z) be the first derivative of -15*z - 4*z - 17*z**2 - 11*z + 11 + 9*z. What are the prime factors of j(-7)?
7, 31
Let t(r) = r**2 - 7*r - 4. Let k(j) = j**3 - 4*j**2 + 4. Let m = -9 - -11. Let h be k(m). What are the prime factors of t(h)?
2, 5
Let m = -27045 - -38737. List the prime factors of m.
2, 37, 79
What are the prime factors of ((-324776)/(-12))/(-2*2/18*-3)?
40597
Let i be (10 + 2)/(-6) - 5/(-1). Let v(g) = -2*g + 9. Let d be v(i). Suppose -d*p - 87 = -2*n, -2*p + 0*p + 6 = 0. What are the prime factors of n?
2, 3
Suppose -26*s = -16*s - 40. Suppose 4*r + 5 = -7, -s*r + 1780 = 4*z. List the prime factors of z.
2, 7
Suppose -33*g - 78876 = -3*v - 30*g, -3*v = 4*g - 78883. What are the prime factors of v?
26293
Let r(c) be the second derivative of -c**4/12 + 11*c**3/3 + 2*c**2 - 4*c. Suppose -154 = 8*m - 22*m. What are the prime factors of r(m)?
5
Let f(b) = 21*b**2 - 36 - 16*b**3 + 0*b + 15*b**3 + 8*b. List the prime factors of f(21).
2, 3, 11
Suppose 2*s - 19216 = -2*i, -225*s + 230*s + 3*i - 48028 = 0. List the prime factors of s.
2, 4801
Let s = -42 + -354. Let v = s + 882. What are the prime factors of v?
2, 3
Let b(p) be the third derivative of -31*p**4/24 - 31*p**3/6 + 23*p**2 + 2*p. List the prime factors of b(-4).
3, 31
Suppose -7*z + 8*z = 0. Suppose z = 3*v + 5*v - 88. Suppose 10*l - v*l + 139 = 0. What are the prime factors of l?
139
Suppose -w = -b - 8070, b = w + 2*w - 24200. What are the prime factor